{"id":74,"date":"2015-04-14T17:18:38","date_gmt":"2015-04-14T17:18:38","guid":{"rendered":"http:\/\/zeitung.480grad-lwrs.de\/?page_id=74"},"modified":"2019-07-20T13:59:02","modified_gmt":"2019-07-20T11:59:02","slug":"ueber-uns-2","status":"publish","type":"page","link":"http:\/\/zeitung.480grad-lwrs.de\/?page_id=74","title":{"rendered":"Das 480\u00b0-Team der ersten Stunde"},"content":{"rendered":"<p><a href=\"http:\/\/zeitung.480grad-lwrs.de\/wp-content\/uploads\/2015\/03\/P1060690.jpg\"><img fetchpriority=\"high\" decoding=\"async\" class=\"aligncenter wp-image-62 size-large\" src=\"http:\/\/zeitung.480grad-lwrs.de\/wp-content\/uploads\/2015\/03\/P1060690-1024x768.jpg\" alt=\"Die Redaktion\" width=\"625\" height=\"469\" srcset=\"http:\/\/zeitung.480grad-lwrs.de\/wp-content\/uploads\/2015\/03\/P1060690-1024x768.jpg 1024w, http:\/\/zeitung.480grad-lwrs.de\/wp-content\/uploads\/2015\/03\/P1060690-300x225.jpg 300w, http:\/\/zeitung.480grad-lwrs.de\/wp-content\/uploads\/2015\/03\/P1060690-624x468.jpg 624w\" sizes=\"(max-width: 625px) 100vw, 625px\" \/><\/a><span style=\"text-decoration: underline;\">Redakteurinnen und Redakteure:<\/span> Julia Die\u00dfner, Laura Erbs, Laura Fiorese, Julia Fischer, Michelle Fritsch, Sara G\u00f6tzfried, Melina Klug, Nastassja M\u00fccke, Julia Ostermaier, Nico Schaller, Sandra Schmerold, Fiona Schubert, Katerina Schwagerus, Amelie Steinhausz, Janina St\u00f6lzle<br \/>\n<span style=\"text-decoration: underline;\">Betreuungslehrkraft:<\/span> Frau Bundschuh<\/p>\n<p><a href=\"http:\/\/zeitung.480grad-lwrs.de\/wp-content\/uploads\/2015\/04\/neue.jpg\"><img decoding=\"async\" class=\"aligncenter wp-image-652 size-large\" src=\"http:\/\/zeitung.480grad-lwrs.de\/wp-content\/uploads\/2015\/04\/neue-1024x768.jpg\" alt=\"neue\" width=\"625\" height=\"469\" srcset=\"http:\/\/zeitung.480grad-lwrs.de\/wp-content\/uploads\/2015\/04\/neue-1024x768.jpg 1024w, http:\/\/zeitung.480grad-lwrs.de\/wp-content\/uploads\/2015\/04\/neue-300x225.jpg 300w, http:\/\/zeitung.480grad-lwrs.de\/wp-content\/uploads\/2015\/04\/neue-624x468.jpg 624w\" sizes=\"(max-width: 625px) 100vw, 625px\" \/><\/a><span style=\"text-decoration: underline;\">Redakteurinnen und Redakteure:<\/span> Fenia Bitter, Melisa Karaman, Chiara Kunze, Fabian K\u00f6bler, Rebekka M\u00fcller, Maurice Thieme, Lisa Weklak<\/p>\n<p><a href=\"http:\/\/zeitung.480grad-lwrs.de\/wp-content\/uploads\/2015\/04\/P1080420.jpg\"><img decoding=\"async\" class=\"aligncenter wp-image-653 size-large\" src=\"http:\/\/zeitung.480grad-lwrs.de\/wp-content\/uploads\/2015\/04\/P1080420-1024x768.jpg\" alt=\"P1080420\" width=\"625\" height=\"469\" srcset=\"http:\/\/zeitung.480grad-lwrs.de\/wp-content\/uploads\/2015\/04\/P1080420-1024x768.jpg 1024w, http:\/\/zeitung.480grad-lwrs.de\/wp-content\/uploads\/2015\/04\/P1080420-300x225.jpg 300w, http:\/\/zeitung.480grad-lwrs.de\/wp-content\/uploads\/2015\/04\/P1080420-624x468.jpg 624w\" sizes=\"(max-width: 625px) 100vw, 625px\" \/><\/a><span style=\"text-decoration: underline;\">Redakteurin und Fotografin:<\/span> Linda Markmiller<\/p>\n<h2>==&gt;<a href=\"http:\/\/zeitung.480grad-lwrs.de\/?p=9322\">Die Redaktion 2018\/2019<\/a><\/h2>\n<h2><span style=\"color: #000000;\">==&gt;<a style=\"color: #000000;\" href=\"http:\/\/zeitung.480grad-lwrs.de\/?p=4074#more-4074\">Die Redaktion<\/a> 2016<br \/>\n<\/span><\/h2>\n<h2><span style=\"color: #000000;\"><a style=\"color: #000000;\" href=\"http:\/\/zeitung.480grad-lwrs.de\/?cat=42\">==&gt; Name und Logo<\/a><\/span><\/h2>\n<h2><span style=\"color: #000000;\">==&gt; <a style=\"color: #000000;\" href=\"http:\/\/zeitung.480grad-lwrs.de\/?cat=6\">Kontakt<\/a><\/span><\/h2>\n<h2><span style=\"color: #000000;\">==&gt; <a style=\"color: #000000;\" href=\"http:\/\/zeitung.480grad-lwrs.de\/?cat=7\">Impressum<\/a><\/span><\/h2>\n","protected":false},"excerpt":{"rendered":"<p>Redakteurinnen und Redakteure: Julia Die\u00dfner, Laura Erbs, Laura Fiorese, Julia Fischer, Michelle Fritsch, Sara G\u00f6tzfried, Melina Klug, Nastassja M\u00fccke, Julia Ostermaier, Nico Schaller, Sandra Schmerold, Fiona Schubert, Katerina Schwagerus, Amelie Steinhausz, Janina St\u00f6lzle Betreuungslehrkraft: Frau Bundschuh Redakteurinnen und Redakteure: Fenia Bitter, Melisa Karaman, Chiara Kunze, Fabian K\u00f6bler, Rebekka M\u00fcller, Maurice Thieme, Lisa Weklak Redakteurin und [&hellip;]<\/p>\n","protected":false},"author":21,"featured_media":0,"parent":0,"menu_order":0,"comment_status":"open","ping_status":"closed","template":"","meta":{"footnotes":""},"class_list":["post-74","page","type-page","status-publish","hentry"],"_links":{"self":[{"href":"http:\/\/zeitung.480grad-lwrs.de\/index.php?rest_route=\/wp\/v2\/pages\/74","targetHints":{"allow":["GET"]}}],"collection":[{"href":"http:\/\/zeitung.480grad-lwrs.de\/index.php?rest_route=\/wp\/v2\/pages"}],"about":[{"href":"http:\/\/zeitung.480grad-lwrs.de\/index.php?rest_route=\/wp\/v2\/types\/page"}],"author":[{"embeddable":true,"href":"http:\/\/zeitung.480grad-lwrs.de\/index.php?rest_route=\/wp\/v2\/users\/21"}],"replies":[{"embeddable":true,"href":"http:\/\/zeitung.480grad-lwrs.de\/index.php?rest_route=%2Fwp%2Fv2%2Fcomments&post=74"}],"version-history":[{"count":0,"href":"http:\/\/zeitung.480grad-lwrs.de\/index.php?rest_route=\/wp\/v2\/pages\/74\/revisions"}],"wp:attachment":[{"href":"http:\/\/zeitung.480grad-lwrs.de\/index.php?rest_route=%2Fwp%2Fv2%2Fmedia&parent=74"}],"curies":[{"name":"wp","href":"https:\/\/api.w.org\/{rel}","templated":true}]}}